2*u + 4*f - 230 = 0. Suppose 3*g + u = -0*t + t, -3*g = 3*t - 363. Let h = t + 1. What is the hundreds digit of h?
1
Suppose -216 = 5*b + 669. Let r be -4*5/(-4) - b. Let t = -107 + r. What is the tens digit of t?
7
Suppose -45 = -27*t + 90. Let w(f) = 2*f**3 - 3*f**2. Let k be w(2). Suppose 3*y = 3*v - 339, -k*v + 0*y + 454 = -t*y. What is the units digit of v?
1
Suppose 0 = 641*t - 521*t - 80400. What is the units digit of t?
0
Let h = 729 + -855. Let u = 605 + -351. Let x = h + u. What is the hundreds digit of x?
1
What is the thousands digit of 7310 - (144/(-648) + 166/18)?
7
Suppose 2080 - 1031 = c - 3560. What is the units digit of c?
9
Let s be (-50)/250 + 56/5. Let z(c) = c**3 - 9*c**2 - 5*c - 5. What is the tens digit of z(s)?
8
Let z(r) = -5*r + 20*r + 1765 - r**2 + 13*r**2 - 1844. What is the units digit of z(8)?
9
Let p(w) = 344*w**2 - 21*w + 71. Let h be p(3). Suppose 2*d - 1159 = -2*c + 403, -4*d + c = -h. What is the units digit of d?
7
Suppose -3*q + 2*i = -67530, 712*i = 5*q + 717*i - 112550. What is the thousands digit of q?
2
Suppose 0 = -76*j + 74*j + 4*u + 4558, 3*j = -u + 6823. What is the units digit of j?
5
Suppose 0 = 2*h + 5*v + 60, 0 = 3*h + 5*v + 17 + 63. What is the units digit of (-25)/h + 2894/8?
3
Let y be ((-12)/(-9))/(28/63). What is the hundreds digit of (156/10)/((4 - y)/30)?
4
Let j = 9954 + -9413. Suppose 3*p = 19 + 5. Suppose -p*i = -j - 395. What is the units digit of i?
7
Let s = -702 - -478. Let f = 234 + s. What is the tens digit of f?
1
Let t be (-11 - -13)*22/4. Suppose 4*p - t - 1 = 0. Suppose -a = -20 - p. What is the tens digit of a?
2
Suppose -5*j - y + 429129 = 0, 429121 = 7*j - 2*j - y. What is the thousands digit of j?
5
Let f(h) = 3*h**2 + 65*h + 340. What is the units digit of f(-75)?
0
Let d be 0 + -70*(-18)/(-12). Let g = -112 - d. What is the tens digit of 8660/70 - 2/g?
2
Suppose 11*d + 2120 = 3*d. Let y = -166 - d. Suppose 167 = 3*k - 5*c, 0 = -3*k + 2*c + y + 83. What is the tens digit of k?
6
Let g(t) = 50 + 5103*t + 26 - 5089*t. Let u be g(21). Suppose -4*i + 442 = -u. What is the hundreds digit of i?
2
Let i = 13537 - 7697. What is the units digit of i?
0
Let p be ((96/20)/(9/60))/2. Let w = p - -20. What is the units digit of w?
6
Let c(v) = -v + 8. Let b be c(16). Let x = -8 - b. Suppose -2*l + 2*i + 188 = x, -2*l + 67 = 3*i - 136. What is the units digit of l?
7
Let i = -2288 - -3383. Suppose 4*f - 4362 = -2*t, -i = -f - 54*t + 55*t. What is the tens digit of f?
9
Let q = 10368 + -7250. Let a = -1279 + q. What is the thousands digit of a?
1
Let p(t) = t**2 + 41*t + 282. What is the hundreds digit of p(-47)?
5
Suppose -3*z + 5*z = 5*t - 7, -3*z - 3 = -5*t. Suppose z*a + 76 = 8*a. Let h = a + 42. What is the units digit of h?
1
Let o = -3 + 5. Suppose -f + 4*r = 4 - 6, -r = -o*f + 4. Suppose f*n = -n + 315. What is the hundreds digit of n?
1
Suppose 20 = -31*d - 11. What is the hundreds digit of (44/(-154) - (-8874)/(-7))*d?
2
Suppose 1549*p - 41478 = -2*v + 1545*p, -v - 3*p = -20732. What is the ten thousands digit of v?
2
Suppose -92*x = 2*c - 90*x - 18748, 4*c = 2*x + 37520. What is the hundreds digit of c?
3
Suppose 0 = 3*o + q + 191, -5*o = -0*o - 4*q + 341. Let a = 67 + o. Suppose 3*z + 3 = a*v + 73, 5*z - 4*v = 118. What is the units digit of z?
2
Suppose 0 = -c - 4*p + 8 - 1, -2*c - 2*p + 14 = 0. Suppose -2*k - 285 = -c*k. What is the tens digit of k?
5
Suppose 3*f = -5*x - 203 + 1842, 3*f + 317 = x. Suppose 2*r - x = -g, -g + 11*r = 9*r - 310. What is the units digit of g?
8
Let a(t) = 47*t**3 + 4*t**2 - 6*t + 24. Let v be a(7). What is the tens digit of v/24 + 6/(-48)?
7
What is the tens digit of (-117766)/(-132) + (-10)/(-12)?
9
Suppose 3*w + 3*i = -30, 10*w + 4*i + 45 = 5*w. What is the tens digit of w/(-15) + (-1691)/(-3)?
6
Let c(y) = 227*y + 2. Let o(h) = -228*h - 2. Let t(r) = r**3 - 6*r**2 - r + 27. Let b be t(5). Let m(f) = b*c(f) - 2*o(f). What is the tens digit of m(-1)?
2
Let y be 3/2*(-8)/6 + 6. Let z = 31 - 29. Suppose 0 = -0*s + y*s - 20, 125 = 5*r + z*s. What is the tens digit of r?
2
Suppose 4769 = -o - 5*k + 16138, 5*k = -15. What is the ten thousands digit of o?
1
Suppose -g - 5*r = -7, -4*r = -4 - 0. Suppose 4*b - g = 3*b. Suppose -1 = b*l - 23. What is the units digit of l?
1
Let d(w) = 289*w - 77. Let z(n) = n - 1. Let j(p) = d(p) + 2*z(p). What is the units digit of j(4)?
5
Let n be (3 - 834/(-18))*9/6. Suppose -4154 = -8*m - n. What is the tens digit of m?
1
What is the ten thousands digit of (-1789677)/(-48) + 179/2864?
3
Suppose -2*a - 1630 = -3*w + 1206, -2*w + 3*a + 1899 = 0. Suppose 4*i - 1892 = -5*u + 3*u, -2*i + u = -w. What is the hundreds digit of i?
4
What is the ten thousands digit of (62325/18)/(5/20)?
1
Let f be ((-8)/6 - 13/6)*22. Let a = f + 72. Let k = 55 + a. What is the tens digit of k?
5
What is the tens digit of ((-86198)/(-35))/(12/1320*11)?
2
Suppose 0 = 8*r - 13*r + 3130. Let s be r/8 - (5/4 + -1). Suppose 3*o + s = p, -3*p + 0*p + 4*o + 224 = 0. What is the tens digit of p?
7
Let o(r) = r**2 - 8*r + 16. Let g be o(2). What is the tens digit of 6 + 208 + g - 3?
1
Suppose -4*i = -3*i - 15. Suppose -i*l + 6*l = -2898. What is the units digit of l?
2
Let d(r) = r**3 + 14*r**2 - 17*r + 14. Let j = 32 - 29. Suppose l = -0*l + j*g - 27, 2*l + g = -26. What is the tens digit of d(l)?
4
Let d(k) = -5*k + 14. Let m be d(3). Let z(h) = -473*h**3 - 2*h**2 - 2*h. What is the tens digit of z(m)?
7
Suppose -2*q - 2*s - 4408 = -6*q, 5*q - 5504 = s. Suppose -5*m = -2*y - 1120, 5*m - y - q = -3*y. Let t = m - 81. What is the units digit of t?
1
Let x = 41 - 58. Let y = x + 21. What is the units digit of (0 - 72)/y*(-21)/6?
3
Suppose 40698 = -11*u + 4*u + 128142. What is the units digit of u?
2
Let n(d) = 36*d**3 + 6*d**2 + 3*d + 2. Let c(v) = -36*v**3 - 6*v**2 - 3*v - 2. Let r(j) = 5*c(j) + 4*n(j). What is the tens digit of r(-3)?
2
Suppose 413*i - 102159 = 170*i + 2316906. What is the units digit of i?
5
Suppose -q = -5*q + 40. Let z(w) = w**3 - 11*w**2 + 12*w - 19. Let v be z(q). What is the hundreds digit of -3 + 0 - v*(-106 + 0)?
1
Let j = -1467 + 7629. What is the hundreds digit of j?
1
Let i = 19 - 26. Let n be i + 5 + -3 - -3. What is the tens digit of 53*(-1 + n)*-1?
5
Let a = -101 + 163. Suppose -z = -a + 50. Suppose -z*o + 19*o - 119 = 0. What is the units digit of o?
7
Let q = -33 + 52. Let z = 24 - q. What is the units digit of 2/z - (-516)/10?
2
Suppose 17*u - 18*u + 7184 = 1706. What is the thousands digit of u?
5
Let l(f) = -148*f**3 + 3*f + 4. Let o be l(-1). Let d = o - -339. What is the hundreds digit of d?
4
What is the tens digit of 5852 - (21 - 12) - (-2 + -3)?
4
Let c = -11245 - -29287. What is the hundreds digit of c?
0
Let o = 7874 + 17068. What is the ten thousands digit of o?
2
Let a = 24650 - 16577. Suppose -51*b = -64*b + a. What is the tens digit of b?
2
Suppose -42*r = 3*z - 39*r - 21552, 0 = 2*z - 3*r - 14378. What is the units digit of z?
6
Let s = 6 - 3. Suppose s*n + 2*p - 206 = -0*p, -4*p = -n + 78. What is the tens digit of n/14 + (1 - -130)?
3
Let f = -5749 + 16383. What is the tens digit of f?
3
Let s = 602 + -202. Let y = -1327 + 1409. Suppose y - s = -3*p. What is the tens digit of p?
0
Let p = -2425 + 3617. Suppose 0 = 4*y + 4*h - p, -26 = y - 5*h - 354. What is the hundreds digit of y?
3
Suppose 0 = -7*t + 14*t - 4200. Let g = t - 344. What is the tens digit of g?
5
Let m = 204 + -620. Let v = -381 - m. What is the tens digit of v?
3
Suppose 0 = -4*m - 3*q + 22, -m - 3 = q + 4*q. Suppose 0*t = -4*j - t - m, -5*t + 1 = 2*j. What is the units digit of (-2 - -3)/(j/4) + 164?
2
Suppose 0 = f + 4*k - 33, 2*f - k = 47 + 37. Let z(v) = 7*v + 5. Let w be z(-4). Let j = f + w. What is the tens digit of j?
1
Suppose 4*c = -4*f + 55492, 170*c - 173*c + 41640 = -4*f. What is the tens digit of c?
7
Suppose -4*m + 3*l + 424 = 0, -l + 6*l + 432 = 4*m. Let a = -206 + m. What is the hundreds digit of (4 - 3)*-2 - a?
1
Let q be (6 - 0)*(3 + 10/(-4)). Suppose q*h + 15 = 5*v, 2*h = -5*v + 6 - 16. What is the units digit of (-6 - -17)*(3 + v)?
3
Suppose -25*i + 17 = -408. Suppose -4533 = -i*r + 1995. What is the tens digit of r?
8
Suppose 0 = -249*a + 2497233 - 533370. What is the thousands digit of a?
7
Let q(l) = -